 is the greatest common factor of 384 and 24?
24
What is the highest common factor of 20 and 705?
5
Calculate the highest common factor of 195 and 3135.
15
Calculate the highest common factor of 231 and 84.
21
Calculate the greatest common divisor of 12987 and 9.
9
Calculate the highest common factor of 120 and 13000.
40
Calculate the greatest common factor of 83 and 166.
83
Calculate the highest common divisor of 106 and 1378.
106
Calculate the highest common factor of 143 and 65.
13
What is the greatest common factor of 168 and 924?
84
Calculate the highest common factor of 72 and 8.
8
Calculate the highest common factor of 3105 and 115.
115
Calculate the highest common factor of 299 and 253.
23
What is the greatest common divisor of 4 and 2077?
1
Calculate the highest common factor of 925 and 250.
25
Calculate the greatest common divisor of 7 and 77.
7
Calculate the greatest common divisor of 63 and 18.
9
What is the greatest common factor of 8 and 32?
8
What is the highest common divisor of 8 and 432?
8
Calculate the greatest common factor of 456 and 38.
38
Calculate the greatest common factor of 56 and 824.
8
What is the greatest common factor of 408 and 51?
51
Calculate the highest common divisor of 268 and 2077.
67
What is the greatest common divisor of 36 and 384?
12
Calculate the highest common factor of 2247 and 21.
21
Calculate the greatest common divisor of 3650 and 511.
73
What is the highest common divisor of 63 and 2037?
21
Calculate the highest common divisor of 16 and 8.
8
Calculate the highest common divisor of 170 and 136.
34
What is the highest common divisor of 134 and 871?
67
What is the highest common divisor of 20 and 940?
20
Calculate the greatest common divisor of 7 and 1267.
7
What is the greatest common divisor of 2862 and 540?
54
What is the highest common factor of 10611 and 81?
81
What is the highest common factor of 20 and 80?
20
Calculate the highest common divisor of 1920 and 30.
30
Calculate the greatest common divisor of 377 and 29.
29
Calculate the highest common factor of 26 and 39624.
26
Calculate the highest common factor of 10 and 980.
10
What is the greatest common divisor of 12 and 76?
4
What is the greatest common factor of 124 and 93?
31
What is the highest common factor of 24 and 30?
6
What is the highest common factor of 992 and 1116?
124
What is the greatest common divisor of 5 and 6?
1
What is the highest common divisor of 264 and 2200?
88
Calculate the highest common factor of 232 and 406.
58
Calculate the highest common divisor of 12330 and 9.
9
What is the greatest common factor of 12 and 570?
6
Calculate the highest common divisor of 3044 and 32.
4
What is the highest common factor of 33 and 6?
3
What is the greatest common factor of 11 and 1441?
11
Calculate the greatest common factor of 4214 and 784.
98
What is the greatest common factor of 1617 and 66?
33
Calculate the highest common factor of 133 and 19.
19
Calculate the highest common factor of 341 and 31.
31
Calculate the highest common divisor of 80 and 80.
80
Calculate the greatest common divisor of 256 and 8.
8
What is the greatest common divisor of 27 and 6831?
27
What is the greatest common factor of 29944 and 304?
152
Calculate the greatest common factor of 1545 and 60.
15
Calculate the highest common factor of 644 and 84.
28
What is the greatest common factor of 27 and 15?
3
Calculate the highest common factor of 2898 and 476.
14
What is the greatest common factor of 9915 and 15?
15
Calculate the highest common divisor of 2567 and 204.
17
Calculate the greatest common factor of 147 and 392.
49
Calculate the greatest common factor of 222 and 1887.
111
Calculate the highest common divisor of 2 and 15.
1
What is the greatest common factor of 2867 and 47?
47
What is the highest common divisor of 25 and 1675?
25
Calculate the highest common factor of 2338 and 28.
14
What is the highest common divisor of 97 and 17363?
97
Calculate the highest common factor of 35 and 14.
7
What is the greatest common divisor of 1376 and 86?
86
Calculate the highest common divisor of 13422 and 12.
6
What is the highest common factor of 8 and 184?
8
What is the greatest common factor of 48 and 6?
6
Calculate the greatest common divisor of 94 and 2538.
94
Calculate the greatest common factor of 1005 and 871.
67
Calculate the highest common divisor of 58 and 6583.
29
What is the greatest common divisor of 20 and 10460?
20
Calculate the greatest common divisor of 70 and 938.
14
What is the greatest common factor of 1435 and 175?
35
What is the greatest common factor of 2296 and 280?
56
Calculate the highest common divisor of 2706 and 990.
66
What is the greatest common divisor of 2950 and 100?
50
What is the greatest common divisor of 300 and 75?
75
Calculate the highest common divisor of 10 and 470.
10
What is the greatest common factor of 2176 and 68?
68
Calculate the highest common factor of 28 and 28.
28
What is the greatest common divisor of 925 and 111?
37
What is the greatest common factor of 3724 and 152?
76
Calculate the greatest common factor of 6 and 22.
2
Calculate the highest common divisor of 11 and 2211.
11
Calculate the highest common divisor of 334 and 44.
2
What is the greatest common factor of 124 and 155?
31
Calculate the highest common factor of 130 and 710.
10
Calculate the highest common divisor of 114 and 627.
57
Calculate the highest common factor of 690 and 390.
30
What is the highest common divisor of 115 and 276?
23
Calculate the greatest common divisor of 8575 and 35.
35
What is the highest common factor of 9 and 1359?
9
What is the greatest common factor of 1421 and 2597?
49
What is the highest common factor of 668 and 4?
4
What is the greatest common divisor of 45 and 720?
45
Calculate the greatest common divisor of 69 and 69.
69
What is the highest common factor of 3003 and 539?
77
Calculate the greatest common divisor of 176 and 3376.
16
What is the greatest common divisor of 254 and 88646?
254
Calculate the greatest common factor of 89 and 89.
89
What is the greatest common factor of 99 and 627?
33
Calculate the highest common factor of 326 and 1141.
163
What is the greatest common factor of 69 and 7107?
69
What is the highest common divisor of 13 and 151?
1
Calculate the highest common factor of 91 and 38129.
91
What is the greatest common factor of 225 and 459?
9
Calculate the greatest common factor of 78 and 72.
6
Calculate the highest common factor of 54763 and 23.
23
What is the greatest common divisor of 2448 and 442?
34
Calculate the greatest common factor of 17 and 323.
17
What is the highest common divisor of 440 and 165?
55
What is the highest common divisor of 99 and 6138?
99
What is the greatest common factor of 548 and 1918?
274
What is the greatest common factor of 3 and 24?
3
What is the greatest common divisor of 328 and 1025?
41
What is the highest common divisor of 6062 and 14?
14
Calculate the greatest common divisor of 21600 and 90.
90
What is the greatest common factor of 1498 and 14?
14
Calculate the greatest common divisor of 262 and 3537.
131
What is the greatest common divisor of 3 and 75?
3
What is the greatest common divisor of 356 and 89?
89
Calculate the highest common divisor of 550 and 250.
50
What is the greatest common factor of 2294 and 62?
62
What is the greatest common factor of 5418 and 129?
129
Calculate the greatest common divisor of 484 and 8.
4
Calculate the highest common divisor of 261 and 29.
29
What is the greatest common factor of 55 and 66?
11
What is the highest common factor of 27 and 27?
27
What is the greatest common factor of 507 and 117?
39
Calculate the highest common factor of 327 and 42837.
327
Calculate the highest common divisor of 24437 and 7.
7
What is the greatest common factor of 1284 and 12?
12
Calculate the greatest common divisor of 73 and 5913.
73
Calculate the greatest common divisor of 297 and 18.
9
Calculate the highest common factor of 60 and 2640.
60
Calculate the highest common factor of 3705 and 152.
19
What is the highest common factor of 1017 and 45?
9
Calculate the highest common divisor of 35 and 595.
35
Calculate the highest common divisor of 282 and 48.
6
What is the greatest common factor of 26 and 2?
2
Calculate the greatest common divisor